at is 101 + -10010011?
-10001110
In base 5, what is 2 - -304?
311
In base 8, what is -133 - 0?
-133
In base 3, what is -1000 + -1?
-1001
In base 16, what is -3 - e7?
-ea
In base 15, what is 5a - -8?
63
In base 13, what is -5 - 1988?
-1990
In base 4, what is -3 + -1003?
-1012
In base 4, what is 2221 + -1?
2220
In base 8, what is 0 + -6?
-6
In base 5, what is -10 - -204102?
204042
In base 11, what is -1 + -394?
-395
In base 11, what is -8 + -74?
-81
In base 13, what is 8 + 98?
a3
In base 15, what is 16c + -11?
15b
In base 5, what is -1 + 31224?
31223
In base 5, what is -243434 + 3?
-243431
In base 11, what is -13 + -533?
-546
In base 2, what is -1 - -100100?
100011
In base 8, what is -4 - -51?
45
In base 3, what is 2222210 + 20?
10000000
In base 7, what is -113514 + 2?
-113512
In base 14, what is 3 + 1d?
22
In base 5, what is 1 - -114023?
114024
In base 6, what is -3 + 115?
112
In base 15, what is -50d + -5?
-513
In base 8, what is -4 + -112?
-116
In base 2, what is 111 - -100?
1011
In base 5, what is 10 + 240?
300
In base 10, what is 2 + -44?
-42
In base 6, what is 1 - 14?
-13
In base 7, what is -45 + -1?
-46
In base 16, what is 9 + -19c?
-193
In base 5, what is 33 - -1401?
1434
In base 3, what is 1210100 + 1?
1210101
In base 9, what is 55 + 8?
64
In base 2, what is 1000011 + -101?
111110
In base 16, what is 9 + -5?
4
In base 16, what is c5e - -3?
c61
In base 11, what is 10 - 3?
8
In base 5, what is 443 + 40?
1033
In base 3, what is 22 + 21101?
21200
In base 16, what is 104 - 1?
103
In base 2, what is -110001100 + 111?
-110000101
In base 13, what is 2 + -435?
-433
In base 4, what is -10313 - 3?
-10322
In base 3, what is 0 - -2111?
2111
In base 5, what is 113 - -22?
140
In base 11, what is 605 - -8?
612
In base 4, what is 1311 - 11?
1300
In base 2, what is 1000 + 100?
1100
In base 10, what is 444 - -2?
446
In base 5, what is 4401 + -4?
4342
In base 4, what is -10 - -1013?
1003
In base 11, what is -2 + 29?
27
In base 16, what is 1 + 1f?
20
In base 3, what is -221220 + 0?
-221220
In base 9, what is 4 - 2845?
-2841
In base 10, what is -710 - 8?
-718
In base 13, what is 31 + 1?
32
In base 5, what is 10 - -21433?
21443
In base 4, what is 220 - -10?
230
In base 8, what is 5 - 71?
-64
In base 2, what is 11 - -111111001110?
111111010001
In base 2, what is 10011 + -111?
1100
In base 14, what is 75b6 - -3?
75b9
In base 2, what is -1010 + -1010111?
-1100001
In base 14, what is bbdb + -5?
bbd6
In base 2, what is 1101010101 + 100?
1101011001
In base 4, what is -123 + 1?
-122
In base 16, what is -1119 + 2?
-1117
In base 6, what is -1 - -2445?
2444
In base 15, what is -71 + -177?
-1e8
In base 6, what is -240 - -40?
-200
In base 14, what is -1215 + 2?
-1213
In base 15, what is 0 - -15?
15
In base 13, what is -1 - -509?
508
In base 8, what is -10 - 10?
-20
In base 16, what is 18 + 6?
1e
In base 5, what is -10 + 4211?
4201
In base 11, what is 4 + 49?
52
In base 4, what is -30 + 2001?
1311
In base 8, what is -25527 - -4?
-25523
In base 10, what is -21 + -8?
-29
In base 13, what is -a10 + 0?
-a10
In base 9, what is 1 + 410?
411
In base 4, what is 20300 - 3?
20231
In base 4, what is 21 - -12?
33
In base 5, what is -113 - -2?
-111
In base 5, what is -40120 + 4?
-40111
In base 7, what is 423 + -3?
420
In base 3, what is 12 - 1012012?
-1012000
In base 9, what is 3 + -263?
-260
In base 15, what is -1e - -137?
118
In base 11, what is 3 + 37?
3a
In base 13, what is 4c + -3?
49
In base 15, what is b - -76?
82
In base 7, what is -3 - -130?
124
In base 14, what is -12 - 1a?
-2c
In base 5, what is -33 + 3?
-30
In base 14, what is 1c - -30?
4c
In base 15, what is -b - -17?
b
In base 16, what is e1 - -5?
e6
In base 7, what is 4 + -21303?
-21266
In base 12, what is -267 + 1?
-266
In base 2, what is -101 + -1000100?
-1001001
In base 3, what is -2 - -110222?
110220
In base 10, what is -1 - -1654?
1653
In base 2, what is 111110 - -1010?
1001000
In base 12, what is -61 + 46?
-17
In base 10, what is 755 + 3?
758
In base 7, what is -1005 - 13?
-1021
In base 11, what is -1 - -115?
114
In base 2, what is -110 - 1010?
-10000
In base 2, what is 1101110001011 + -11?
1101110001000
In base 6, what is 2145 + 4?
2153
In base 5, what is -3 - 13340?
-13343
In base 12, what is 5 - -1a0?
1a5
In base 13, what is 0 - -a8?
a8
In base 11, what is 7 - 327?
-320
In base 12, what is -501 - 0?
-501
In base 2, what is -11 + 10111110?
10111011
In base 13, what is c - a9?
-9a
In base 2, what is 1001100 + 1000?
1010100
In base 4, what is 2 + 103333?
110001
In base 2, what is -1 + -1000010111101?
-1000010111110
In base 13, what is 20c6 + -1?
20c5
In base 12, what is -32a - -15?
-315
In base 13, what is 90 + -1?
8c
In base 13, what is 2 - -31?
33
In base 16, what is 7 + 11e3?
11ea
In base 2, what is -1011010101 - 100?
-1011011001
In base 4, what is 122 - 103?
13
In base 11, what is -16 - 176?
-191
In base 5, what is 13 - 0?
13
In base 12, what is -58 - -2?
-56
In base 14, what is 5 - -1c?
23
In base 9, what is -1 - -1255?
1254
In base 4, what is -2031 + -2?
-2033
In base 12, what is -600b + -1?
-6010
In base 6, what is 5 - 22022?
-22013
In base 13, what is 1 - -7b1?
7b2
In base 13, what is 1a6 - 6?
1a0
In base 11, what is -5 + -84?
-89
In base 11, what is 229 - 0?
229
In base 14, what is 570 + -7?
567
In base 13, what is -3 + -1c7?
-1ca
In base 14, what is 4 + -564?
-560
In base 16, what is -6 + 19?
13
In base 11, what is 2a - 12?
18
In base 13, what is 140 - 5?
138
In base 12, what is -4 + -1010?
-1014
In base 14, what is 1 + 16?
17
In base 5, what is -143 - 30?
-223
In base 6, what is -24 - -145?
121
In base 7, what is -2 + 152?
150
In base 3, what is -2 + -112100?
-112102
In base 16, what is 5a + 1?
5b
In base 10, what is -64 - 24?
-88
In base 5, what is 340 + 0?
340
In base 6, what is -302 - -31?
-231
In base 6, what is -5 - 154?
-203
In base 9, what is -5 + -80?
-85
In base 8, what is -573 + 23?
-550
In base 4, what is 2 + -233?
-231
In base 7, what is 4 + -5202?
-5165
In base 15, what is -12a7 + 5?
-12a2
In base 11, what is -4 + -8a?
-93
In base 13, what is 25 - 4?
21
In base 2, what is -100 + 1010100101?
1010100001
In base 8, what is 5 - 120?
-113
In base 2, what is -100 + -101111001?
-101111101
In base 9, what is -58 - -7?
-51
In base 13, what is 10 - -13?
23
In base 6, what is 3 + 1040?
1043
In base 11, what is -1282 - 4?
-1286
In base 6, what is 0 + 201?
201
In base 12, what is 5 - -61?
66
In base 8, what is 120074 - 4?
120070
In base 5, what is 10 - 212?
-202
In base 5, what is -110102 - 2?
-110104
In base 5, what is 13 - -143?
211
In base 2, what is 11 + 1110?
10001
In base 4, what is 3 - 311?
-302
In base 6, what is 1 - 3?
-2
In base 4, what is 10 + -3121?
-3111
In base 14, what is 3 - c2?
-bd
In base 9, what is -1876 + 1?
-1875
In base 6, what is 3440 - 4?
3432
In base 5, what is -2 + 122442?
122440
In base 14, what is -c9 + 3?
-c6
In base 6, what is -13 - 12130?
-12143
In base 9, what is 611 - -2?
613
In base 8, what is -437 - -1?
-436
In base 5, what is -102 - -3?
-44
In base 13, what is -92 + 7a?
-15
In base 16, what is -80 - 1e?
-9e
In base 14, what is 3 - -809?
80c
In base 8, what is -1070 - 3?
-1073
In base 6, what is 3 + -140?
-133
In base 4, what is -1 - 302?
-303
In base 3, what is 10 - 22100120?
-22100110
In base 7, what is -6 + -266?
-305
In base 8, what is -5 - 50?
-55
In base 16, what is -1 + 160?
15f
In base 11, what is 49 - -9?
57
In base 7, what is -420 + -146?
-566
In base 2, what is 1000011 - -100?
1000111
In base 14, what is 1 - -60?
61
In base 10, what is 40 + 1?
41
In base 3, what is 2110 - 222?
1111
In base 11, what is 2 - 1799?
-1797
In base 11, what is -15 + -2?
-17
In base 16, what is -5 - -2c?
27
In base 11, what is -1 + -38?
-39
In base 13, what is -5 - 627?
-62c
In base 12, what is 20a - -10?
21a
In base 14, what is 1 - 28?
-27
In base 9, what is 0 + -815?
-815
In base 13, what is 3 - 273?
-270
In base 3, what is -1 - -1?
0
In base 5, what is 1040 + 4?
1044
In base 12, what is -4446 + -1?
-4447
In base 12, what is -54 - 2?
-56
In base 4, what is 113201 - 2?
113133
In base 2, what is -1001111000110000 - 101?
-1001111000110101
In base 3, what is -1000 + -221?
-1221
In base 11, what is -2 - -568?
566
In base 2, what is -100100101 + -110000?
-101010101
In base 13, what